{"id":64,"date":"2015-03-06T17:04:22","date_gmt":"2015-03-06T16:04:22","guid":{"rendered":"http:\/\/lucielaricq.franceimpro.net\/?page_id=64"},"modified":"2019-03-22T15:40:15","modified_gmt":"2019-03-22T14:40:15","slug":"sonorisation","status":"publish","type":"page","link":"https:\/\/lucielaricq.franceimpro.net\/?page_id=64","title":{"rendered":"Enregistrement"},"content":{"rendered":"\n<p><\/p>\n\n\n\n<div class=\"wp-block-media-text alignwide\" style=\"grid-template-columns:22% auto\"><figure class=\"wp-block-media-text__media\"><img loading=\"lazy\" decoding=\"async\" width=\"150\" height=\"150\" src=\"http:\/\/lucielaricq.franceimpro.net\/wp-content\/uploads\/2019\/03\/NNNR_visuel-150x150.jpg\" alt=\"\" class=\"wp-image-899\"\/><\/figure><div class=\"wp-block-media-text__content\">\n<ul class=\"wp-block-list\"><li>No noise no reduction (trio de saxophones graves)<\/li><\/ul>\n\n\n\n<p>2017 : enregistrement et mixage du premier album \u00ab\u00a0Au doux combat me joindre\u00a0\u00bb, label Freddy Morezon \u00e0 la Ferronnerie (64)<\/p>\n<\/div><\/div>\n\n\n<div>\n<div>\n<ul>\n<li><a href=\"http:\/\/www.le-terrier.net\/musique\/hubbub\/index.htm\">Hubbub<\/a>\u00a0(cliquer pour \u00e9couter)<\/li>\n<\/ul>\n<p>Enregistrement live,\u00a0\u00e0 l&rsquo;\u00e9glise St Merri (Paris),\u00a018 octobre 2013<\/p>\n<ul>\n<li><span style=\"text-decoration: underline;\">Label Umlaut Records:<\/span><\/li>\n<\/ul>\n<\/div>\n<p><span style=\"text-decoration: underline;\"><a href=\"http:\/\/lucielaricq.franceimpro.net\/wp-content\/uploads\/2015\/03\/DDJ.jpg\"><img loading=\"lazy\" decoding=\"async\" class=\"wp-image-68 size-thumbnail alignleft\" src=\"http:\/\/lucielaricq.franceimpro.net\/wp-content\/uploads\/2015\/03\/DDJ-150x150.jpg\" alt=\"DDJ\" width=\"150\" height=\"150\" srcset=\"https:\/\/lucielaricq.franceimpro.net\/wp-content\/uploads\/2015\/03\/DDJ-150x150.jpg 150w, https:\/\/lucielaricq.franceimpro.net\/wp-content\/uploads\/2015\/03\/DDJ-300x300.jpg 300w, https:\/\/lucielaricq.franceimpro.net\/wp-content\/uploads\/2015\/03\/DDJ.jpg 320w\" sizes=\"auto, (max-width: 150px) 100vw, 150px\" \/><\/a><\/span><\/p>\n<p>\u00a0<\/p>\n<p style=\"text-align: center;\">Enregistrement\/mixage<\/p>\n<p style=\"text-align: center;\">du premier album de DDJ (2007)<\/p>\n<p>\u00a0<\/p>\n<p>\u00a0<\/p>\n<ul>\n<li><span style=\"text-decoration: underline;\">Label COAX records :<\/span><\/li>\n<\/ul>\n<p style=\"text-align: center;\">\u00a0 \u00a0 \u00a0 \u00a0 \u00a0 \u00a0 \u00a0 \u00a0 \u00a0 \u00a0 \u00a0 \u00a0 \u00a0 \u00a0 \u00a0 \u00a0 \u00a0 \u00a0 \u00a0 \u00a0 \u00a0 \u00a0 \u00a0 \u00a0 \u00a0 \u00a0 \u00a0 \u00a0 \u00a0 \u00a0 \u00a0 \u00a0 \u00a0 \u00a0 \u00a0 \u00a0 \u00a0 \u00a0 \u00a0 \u00a0 \u00a0 \u00a0 \u00a0 \u00a0 \u00a0 \u00a0 \u00a0 \u00a0 \u00a0 \u00a0 \u00a0 \u00a0 \u00a0 \u00a0 \u00a0 \u00a0 \u00a0Enr<a href=\"http:\/\/lucielaricq.franceimpro.net\/wp-content\/uploads\/2015\/03\/ddjpochet.jpg\"><img loading=\"lazy\" decoding=\"async\" class=\"alignleft wp-image-67 size-thumbnail\" src=\"http:\/\/lucielaricq.franceimpro.net\/wp-content\/uploads\/2015\/03\/ddjpochet-150x150.jpg\" alt=\"ddjpochet\" width=\"150\" height=\"150\" srcset=\"https:\/\/lucielaricq.franceimpro.net\/wp-content\/uploads\/2015\/03\/ddjpochet-150x150.jpg 150w, https:\/\/lucielaricq.franceimpro.net\/wp-content\/uploads\/2015\/03\/ddjpochet-300x300.jpg 300w, https:\/\/lucielaricq.franceimpro.net\/wp-content\/uploads\/2015\/03\/ddjpochet.jpg 320w\" sizes=\"auto, (max-width: 150px) 100vw, 150px\" \/><\/a>egistrement du 2\u00e8me album de DDJ<\/p>\n<p style=\"text-align: center;\">\u00ab\u00a0Everybody happy\u00a0\u00bb (2010)<\/p>\n<p><span style=\"text-decoration: underline;\">\u00a0<\/span><\/p>\n<p>\u00a0<\/p>\n<p style=\"text-align: center;\"><a href=\"http:\/\/lucielaricq.franceimpro.net\/wp-content\/uploads\/2015\/03\/phok-\u00e9ventr\u00e9.png\"><img loading=\"lazy\" decoding=\"async\" class=\"alignnone wp-image-71 size-thumbnail alignleft\" src=\"http:\/\/lucielaricq.franceimpro.net\/wp-content\/uploads\/2015\/03\/coax-chante-noel-150x150.png\" alt=\"coax chante noel\" width=\"150\" height=\"150\" \/><br \/><\/a>Enregistrement\/mixage\/mastering du disque<\/p>\n<p style=\"text-align: center;\">\u00ab\u00a0COAX chante No\u00ebl\u00a0\u00bb (2011)<\/p>\n<\/div>\n<div>\n<p style=\"text-align: center;\"><img loading=\"lazy\" decoding=\"async\" class=\"alignnone wp-image-69 size-thumbnail alignleft\" src=\"http:\/\/lucielaricq.franceimpro.net\/wp-content\/uploads\/2015\/03\/Actuum-cd-150x150.jpg\" alt=\"Actuum-cd\" width=\"150\" height=\"150\" \/><\/p>\n<p style=\"text-align: center;\">\u00a0<\/p>\n<p style=\"text-align: center;\">\u00a0<\/p>\n<p style=\"text-align: center;\">\u00a0<\/p>\n<p style=\"text-align: center;\">Enregistrement live\/mixage du disque de Actuum<\/p>\n<p style=\"text-align: center;\">\u00ab\u00a0Brutal music for nice people\u00a0\u00bb\u00a0(2010)<\/p>\n<\/div>\n<div>\n<p style=\"text-align: center;\"><img loading=\"lazy\" decoding=\"async\" class=\"wp-image-72 alignleft\" src=\"http:\/\/lucielaricq.franceimpro.net\/wp-content\/uploads\/2015\/03\/phok-\u00e9ventr\u00e9-150x150.png\" alt=\"phok \u00e9ventr\u00e9\" width=\"160\" height=\"160\" \/><\/p>\n<p style=\"text-align: center;\">\u00a0<\/p>\n<p style=\"text-align: center;\">Enregistrement\/mix du disque solo de Yann Joussein<\/p>\n<p style=\"text-align: center;\">\u00ab\u00a0Phoque \u00e9ventr\u00e9\u00a0\u00bb (2010)<\/p>\n<\/div>\n<p>\u00a0<\/p>\n<p>\u00a0<\/p>\n<div>\n<ul>\n<li><span style=\"text-decoration: underline;\">Label Ayler Records:<\/span><\/li>\n<\/ul>\n<p><a href=\"http:\/\/lucielaricq.franceimpro.net\/wp-content\/uploads\/2015\/03\/daunik.jpg\"><img loading=\"lazy\" decoding=\"async\" class=\"wp-image-73 alignleft\" src=\"http:\/\/lucielaricq.franceimpro.net\/wp-content\/uploads\/2015\/03\/daunik.jpg\" alt=\"daunik\" width=\"167\" height=\"150\" \/><\/a><\/p>\n<p style=\"text-align: center;\">Live \u00e0 l&rsquo;\u00e9glise St Merri (Paris)<\/p>\n<p style=\"text-align: center;\">deuxi\u00e8me album solo de Daunik Lazro (2009)<\/p>\n<p>\u00a0<\/p>\n<ul>\n<li><span style=\"text-decoration: underline;\">Bela\u00a0Label :<\/span><\/li>\n<\/ul>\n<p>Quatuor Bela, quatuors \u00e0 cordes n\u00b01 et 2 de Ligeti, live \u00e0 Grenoble<\/p>\n<p>\u00a0<\/p>\n<p>\u00ab\u00a0Si oui, oui, si non, non\u00a0\u00bb, Albert Marcoeur et le quatuor Bela, live aux Bouffes du Nord (200 Paris)<\/p>\n<p><span style=\"text-decoration: underline;\">Enregistrements des concerts du festival Les Nuits d&rsquo;\u00e9t\u00e9 \u00e9dition 2011<\/span><\/p>\n<p>&#8211; M\u00e9tal-O-Phone<\/p>\n<p>\u00a0<\/p>\n<p>&#8211; Valse de Ravel pour 2 pianos<\/p>\n<p>\u00a0<\/p>\n<p>&#8211; Andr\u00e9 Minvielle r\u00e9cital<\/p>\n<p>\u00a0<\/p>\n<p>&#8211; Ensemble de 6 voix solistes R\u00e9sonnance Contemporaine<\/p>\n<p>\u00a0<\/p>\n<p>&#8211;\u00a0R\u00e9alisation d&rsquo;un documentaire sonore<\/p>\n<div>\u00a0<\/div>\n<p>\u00a0<\/p>\n<p>\u00a0<\/p>\n<p>\u00a0<\/p>\n<p>\u00a0<\/p>\n<\/div>","protected":false},"excerpt":{"rendered":"<p>No noise no reduction (trio de saxophones graves) 2017 : enregistrement et mixage du premier album \u00ab\u00a0Au doux combat me joindre\u00a0\u00bb, label Freddy Morezon \u00e0 la Ferronnerie (64) Hubbub\u00a0(cliquer pour \u00e9couter) Enregistrement live,\u00a0\u00e0 l&rsquo;\u00e9glise St Merri (Paris),\u00a018 octobre 2013 Label Umlaut Records: \u00a0 Enregistrement\/mixage du premier album de DDJ (2007) \u00a0 \u00a0 Label COAX records &hellip; <a href=\"https:\/\/lucielaricq.franceimpro.net\/?page_id=64\" class=\"more-link\">Continuer la lecture<span class=\"screen-reader-text\"> de <span class=\"screen-reader-text\">Enregistrement<\/span><\/span>&nbsp;<span class=\"meta-nav\">&rarr;<\/span><\/a><\/p>\n","protected":false},"author":1,"featured_media":0,"parent":0,"menu_order":0,"comment_status":"closed","ping_status":"open","template":"","meta":{"footnotes":""},"class_list":["post-64","page","type-page","status-publish","hentry"],"_links":{"self":[{"href":"https:\/\/lucielaricq.franceimpro.net\/index.php?rest_route=\/wp\/v2\/pages\/64","targetHints":{"allow":["GET"]}}],"collection":[{"href":"https:\/\/lucielaricq.franceimpro.net\/index.php?rest_route=\/wp\/v2\/pages"}],"about":[{"href":"https:\/\/lucielaricq.franceimpro.net\/index.php?rest_route=\/wp\/v2\/types\/page"}],"author":[{"embeddable":true,"href":"https:\/\/lucielaricq.franceimpro.net\/index.php?rest_route=\/wp\/v2\/users\/1"}],"replies":[{"embeddable":true,"href":"https:\/\/lucielaricq.franceimpro.net\/index.php?rest_route=%2Fwp%2Fv2%2Fcomments&post=64"}],"version-history":[{"count":13,"href":"https:\/\/lucielaricq.franceimpro.net\/index.php?rest_route=\/wp\/v2\/pages\/64\/revisions"}],"predecessor-version":[{"id":900,"href":"https:\/\/lucielaricq.franceimpro.net\/index.php?rest_route=\/wp\/v2\/pages\/64\/revisions\/900"}],"wp:attachment":[{"href":"https:\/\/lucielaricq.franceimpro.net\/index.php?rest_route=%2Fwp%2Fv2%2Fmedia&parent=64"}],"curies":[{"name":"wp","href":"https:\/\/api.w.org\/{rel}","templated":true}]}}

<p></p>



<div class="wp-block-media-text alignwide" style="grid-template-columns:22% auto"><figure class="wp-block-media-text__media"><img loading="lazy" decoding="async" width="150" height="150" src="http://lucielaricq.franceimpro.net/wp-content/uploads/2019/03/NNNR_visuel-150x150.jpg" alt="" class="wp-image-899"/></figure><div class="wp-block-media-text__content">
<ul class="wp-block-list"><li>No noise no reduction (trio de saxophones graves)</li></ul>



<p>2017 : enregistrement et mixage du premier album « Au doux combat me joindre », label Freddy Morezon à la Ferronnerie (64)</p>
</div></div>


<div>
<div>
<ul>
<li><a href="http://www.le-terrier.net/musique/hubbub/index.htm">Hubbub</a> (cliquer pour écouter)</li>
</ul>
<p>Enregistrement live, à l&rsquo;église St Merri (Paris), 18 octobre 2013</p>
<ul>
<li><span style="text-decoration: underline;">Label Umlaut Records:</span></li>
</ul>
</div>
<p><span style="text-decoration: underline;"><a href="http://lucielaricq.franceimpro.net/wp-content/uploads/2015/03/DDJ.jpg"><img loading="lazy" decoding="async" class="wp-image-68 size-thumbnail alignleft" src="http://lucielaricq.franceimpro.net/wp-content/uploads/2015/03/DDJ-150x150.jpg" alt="DDJ" width="150" height="150" srcset="https://lucielaricq.franceimpro.net/wp-content/uploads/2015/03/DDJ-150x150.jpg 150w, https://lucielaricq.franceimpro.net/wp-content/uploads/2015/03/DDJ-300x300.jpg 300w, https://lucielaricq.franceimpro.net/wp-content/uploads/2015/03/DDJ.jpg 320w" sizes="auto, (max-width: 150px) 100vw, 150px" /></a></span></p>
<p> </p>
<p style="text-align: center;">Enregistrement/mixage</p>
<p style="text-align: center;">du premier album de DDJ (2007)</p>
<p> </p>
<p> </p>
<ul>
<li><span style="text-decoration: underline;">Label COAX records :</span></li>
</ul>
<p style="text-align: center;">                                                                                                                 Enr<a href="http://lucielaricq.franceimpro.net/wp-content/uploads/2015/03/ddjpochet.jpg"><img loading="lazy" decoding="async" class="alignleft wp-image-67 size-thumbnail" src="http://lucielaricq.franceimpro.net/wp-content/uploads/2015/03/ddjpochet-150x150.jpg" alt="ddjpochet" width="150" height="150" srcset="https://lucielaricq.franceimpro.net/wp-content/uploads/2015/03/ddjpochet-150x150.jpg 150w, https://lucielaricq.franceimpro.net/wp-content/uploads/2015/03/ddjpochet-300x300.jpg 300w, https://lucielaricq.franceimpro.net/wp-content/uploads/2015/03/ddjpochet.jpg 320w" sizes="auto, (max-width: 150px) 100vw, 150px" /></a>egistrement du 2ème album de DDJ</p>
<p style="text-align: center;">« Everybody happy » (2010)</p>
<p><span style="text-decoration: underline;"> </span></p>
<p> </p>
<p style="text-align: center;"><a href="http://lucielaricq.franceimpro.net/wp-content/uploads/2015/03/phok-éventré.png"><img loading="lazy" decoding="async" class="alignnone wp-image-71 size-thumbnail alignleft" src="http://lucielaricq.franceimpro.net/wp-content/uploads/2015/03/coax-chante-noel-150x150.png" alt="coax chante noel" width="150" height="150" /><br /></a>Enregistrement/mixage/mastering du disque</p>
<p style="text-align: center;">« COAX chante Noël » (2011)</p>
</div>
<div>
<p style="text-align: center;"><img loading="lazy" decoding="async" class="alignnone wp-image-69 size-thumbnail alignleft" src="http://lucielaricq.franceimpro.net/wp-content/uploads/2015/03/Actuum-cd-150x150.jpg" alt="Actuum-cd" width="150" height="150" /></p>
<p style="text-align: center;"> </p>
<p style="text-align: center;"> </p>
<p style="text-align: center;"> </p>
<p style="text-align: center;">Enregistrement live/mixage du disque de Actuum</p>
<p style="text-align: center;">« Brutal music for nice people » (2010)</p>
</div>
<div>
<p style="text-align: center;"><img loading="lazy" decoding="async" class="wp-image-72 alignleft" src="http://lucielaricq.franceimpro.net/wp-content/uploads/2015/03/phok-éventré-150x150.png" alt="phok éventré" width="160" height="160" /></p>
<p style="text-align: center;"> </p>
<p style="text-align: center;">Enregistrement/mix du disque solo de Yann Joussein</p>
<p style="text-align: center;">« Phoque éventré » (2010)</p>
</div>
<p> </p>
<p> </p>
<div>
<ul>
<li><span style="text-decoration: underline;">Label Ayler Records:</span></li>
</ul>
<p><a href="http://lucielaricq.franceimpro.net/wp-content/uploads/2015/03/daunik.jpg"><img loading="lazy" decoding="async" class="wp-image-73 alignleft" src="http://lucielaricq.franceimpro.net/wp-content/uploads/2015/03/daunik.jpg" alt="daunik" width="167" height="150" /></a></p>
<p style="text-align: center;">Live à l&rsquo;église St Merri (Paris)</p>
<p style="text-align: center;">deuxième album solo de Daunik Lazro (2009)</p>
<p> </p>
<ul>
<li><span style="text-decoration: underline;">Bela Label :</span></li>
</ul>
<p>Quatuor Bela, quatuors à cordes n°1 et 2 de Ligeti, live à Grenoble</p>
<p> </p>
<p>« Si oui, oui, si non, non », Albert Marcoeur et le quatuor Bela, live aux Bouffes du Nord (200 Paris)</p>
<p><span style="text-decoration: underline;">Enregistrements des concerts du festival Les Nuits d&rsquo;été édition 2011</span></p>
<p>&#8211; Métal-O-Phone</p>
<p> </p>
<p>&#8211; Valse de Ravel pour 2 pianos</p>
<p> </p>
<p>&#8211; André Minvielle récital</p>
<p> </p>
<p>&#8211; Ensemble de 6 voix solistes Résonnance Contemporaine</p>
<p> </p>
<p>&#8211; Réalisation d&rsquo;un documentaire sonore</p>
<div> </div>
<p> </p>
<p> </p>
<p> </p>
<p> </p>
</div>

<p>No noise no reduction (trio de saxophones graves) 2017 : enregistrement et mixage du premier album « Au doux combat me joindre », label Freddy Morezon à la Ferronnerie (64) Hubbub (cliquer pour écouter) Enregistrement live, à l&rsquo;église St Merri (Paris), 18 octobre 2013 Label Umlaut Records:   Enregistrement/mixage du premier album de DDJ (2007)     Label COAX records &hellip; <a href="https://lucielaricq.franceimpro.net/?page_id=64" class="more-link">Continuer la lecture<span class="screen-reader-text"> de <span class="screen-reader-text">Enregistrement</span></span>&nbsp;<span class="meta-nav">&rarr;</span></a></p>
