{"id":46,"date":"2015-03-06T16:17:59","date_gmt":"2015-03-06T15:17:59","guid":{"rendered":"http:\/\/lucielaricq.franceimpro.net\/?page_id=46"},"modified":"2022-06-01T20:56:10","modified_gmt":"2022-06-01T19:56:10","slug":"biographie","status":"publish","type":"page","link":"https:\/\/lucielaricq.franceimpro.net\/?page_id=46","title":{"rendered":"Biographie \/ contact"},"content":{"rendered":"<h5 style=\"text-align: center;\"><img loading=\"lazy\" decoding=\"async\" class=\"wp-image-500 aligncenter\" src=\"http:\/\/lucielaricq.franceimpro.net\/wp-content\/uploads\/2017\/05\/DSC01748-300x200.jpg\" alt=\"DSC01748\" width=\"222\" height=\"148\" srcset=\"https:\/\/lucielaricq.franceimpro.net\/wp-content\/uploads\/2017\/05\/DSC01748-300x200.jpg 300w, https:\/\/lucielaricq.franceimpro.net\/wp-content\/uploads\/2017\/05\/DSC01748-768x512.jpg 768w, https:\/\/lucielaricq.franceimpro.net\/wp-content\/uploads\/2017\/05\/DSC01748-1024x683.jpg 1024w\" sizes=\"auto, (max-width: 222px) 100vw, 222px\" \/><\/h5>\n<h4 align=\"CENTER\">Contact : 06 64 87 64 83<\/h4>\n<h4 align=\"CENTER\"><a href=\"lucix@riseup.net\" target=\"_blank\" rel=\"noopener noreferrer\">lucix@riseup.net<\/a><\/h4>\n<p align=\"CENTER\">Lucie pratique l\u2019improvisation au violon, \u00e0 la voix, au khaen (instrument laotien de la famille des orgues \u00e0 bouche), ainsi que divers objets et jouets sonores incongrus (boules de m\u00e9ditation, brosse \u00e0 dents \u00e9lectrique, Sophie la girafe, klaxon de v\u00e9lo..).<\/p>\n<p align=\"CENTER\">Elle se produit en solo ou lors de rencontres improvis\u00e9es, joue la musique sur sc\u00e8ne en direct dans \u00ab\u00a0Exp\u00e9rimentation Karamazov(s)\u00a0\u00bb d&rsquo;apr\u00e8s Dosto\u00efevski et \u00ab\u00a0Etreins toi\u00a0\u00bb de Kae Tempest (compagnie Un homme s&rsquo;\u00e9nerve, mise en sc\u00e8ne Sophie Adoue) et \u00ab\u00a0Les Idiots\u00a0\u00bb de Claudine Gal\u00e9a (compagnie th\u00e9\u00e2tre 2 l&rsquo;Acte, mise en sc\u00e8ne Michel Matthieu).<\/p>\n<p align=\"CENTER\">Elle a 2 disques \u00e0 son actif : le double CD en solo <em>Po\u00e8mes enviolonn\u00e9s<\/em> et <em>Violonisations<\/em>, (2014, label Coax) et <em>La Pens\u00e9e Javel<\/em>, duo Claudie Dada avec F\u00e9licie Bazelaire au violoncelle (label Sounds Et Al, 2022).\u2028<\/p>\n<p>Elle est \u00e9galement ing\u00e9nieure du son et travaille dans le domaine du spectacle vivant principalement pour la sonorisation dans le th\u00e9\u00e2tre, la danse et la musique (exp\u00e9riences de tourn\u00e9es avec Camille, Rosemary Standley, Emmanuelle Laborit, fanfare maloya Lindigo, Marl\u00e8ne Rostaing, sonorisatrice des festivals Les nuits d&rsquo;\u00e9t\u00e9, La voix est libre, R\u00e9sistances, charg\u00e9e de r\u00e9alisation pour France Musique et Radio Classique, assistante son \u00e0 l&rsquo;IRCAM, enregistrements et mixages pour les collectifs et labels Coax, Les Fondeurs De Son, Wanderweiser, Umlaut records).\u2028<\/p>\n","protected":false},"excerpt":{"rendered":"<p>Contact : 06 64 87 64 83 lucix@riseup.net Lucie pratique l\u2019improvisation au violon, \u00e0 la voix, au khaen (instrument laotien de la famille des orgues \u00e0 bouche), ainsi que divers objets et jouets sonores incongrus (boules de m\u00e9ditation, brosse \u00e0 dents \u00e9lectrique, Sophie la girafe, klaxon de v\u00e9lo..). Elle se produit en solo ou lors &hellip; <a href=\"https:\/\/lucielaricq.franceimpro.net\/?page_id=46\" class=\"more-link\">Continuer la lecture<span class=\"screen-reader-text\"> de <span class=\"screen-reader-text\">Biographie \/ contact<\/span><\/span>&nbsp;<span class=\"meta-nav\">&rarr;<\/span><\/a><\/p>\n","protected":false},"author":1,"featured_media":0,"parent":0,"menu_order":0,"comment_status":"closed","ping_status":"open","template":"","meta":{"footnotes":""},"class_list":["post-46","page","type-page","status-publish","hentry"],"_links":{"self":[{"href":"https:\/\/lucielaricq.franceimpro.net\/index.php?rest_route=\/wp\/v2\/pages\/46","targetHints":{"allow":["GET"]}}],"collection":[{"href":"https:\/\/lucielaricq.franceimpro.net\/index.php?rest_route=\/wp\/v2\/pages"}],"about":[{"href":"https:\/\/lucielaricq.franceimpro.net\/index.php?rest_route=\/wp\/v2\/types\/page"}],"author":[{"embeddable":true,"href":"https:\/\/lucielaricq.franceimpro.net\/index.php?rest_route=\/wp\/v2\/users\/1"}],"replies":[{"embeddable":true,"href":"https:\/\/lucielaricq.franceimpro.net\/index.php?rest_route=%2Fwp%2Fv2%2Fcomments&post=46"}],"version-history":[{"count":22,"href":"https:\/\/lucielaricq.franceimpro.net\/index.php?rest_route=\/wp\/v2\/pages\/46\/revisions"}],"predecessor-version":[{"id":1075,"href":"https:\/\/lucielaricq.franceimpro.net\/index.php?rest_route=\/wp\/v2\/pages\/46\/revisions\/1075"}],"wp:attachment":[{"href":"https:\/\/lucielaricq.franceimpro.net\/index.php?rest_route=%2Fwp%2Fv2%2Fmedia&parent=46"}],"curies":[{"name":"wp","href":"https:\/\/api.w.org\/{rel}","templated":true}]}}

<h5 style="text-align: center;"><img loading="lazy" decoding="async" class="wp-image-500 aligncenter" src="http://lucielaricq.franceimpro.net/wp-content/uploads/2017/05/DSC01748-300x200.jpg" alt="DSC01748" width="222" height="148" srcset="https://lucielaricq.franceimpro.net/wp-content/uploads/2017/05/DSC01748-300x200.jpg 300w, https://lucielaricq.franceimpro.net/wp-content/uploads/2017/05/DSC01748-768x512.jpg 768w, https://lucielaricq.franceimpro.net/wp-content/uploads/2017/05/DSC01748-1024x683.jpg 1024w" sizes="auto, (max-width: 222px) 100vw, 222px" /></h5>
<h4 align="CENTER">Contact : 06 64 87 64 83</h4>
<h4 align="CENTER"><a href="lucix@riseup.net" target="_blank" rel="noopener noreferrer">lucix@riseup.net</a></h4>
<p align="CENTER">Lucie pratique l’improvisation au violon, à la voix, au khaen (instrument laotien de la famille des orgues à bouche), ainsi que divers objets et jouets sonores incongrus (boules de méditation, brosse à dents électrique, Sophie la girafe, klaxon de vélo..).</p>
<p align="CENTER">Elle se produit en solo ou lors de rencontres improvisées, joue la musique sur scène en direct dans « Expérimentation Karamazov(s) » d&rsquo;après Dostoïevski et « Etreins toi » de Kae Tempest (compagnie Un homme s&rsquo;énerve, mise en scène Sophie Adoue) et « Les Idiots » de Claudine Galéa (compagnie théâtre 2 l&rsquo;Acte, mise en scène Michel Matthieu).</p>
<p align="CENTER">Elle a 2 disques à son actif : le double CD en solo <em>Poèmes enviolonnés</em> et <em>Violonisations</em>, (2014, label Coax) et <em>La Pensée Javel</em>, duo Claudie Dada avec Félicie Bazelaire au violoncelle (label Sounds Et Al, 2022). </p>
<p>Elle est également ingénieure du son et travaille dans le domaine du spectacle vivant principalement pour la sonorisation dans le théâtre, la danse et la musique (expériences de tournées avec Camille, Rosemary Standley, Emmanuelle Laborit, fanfare maloya Lindigo, Marlène Rostaing, sonorisatrice des festivals Les nuits d&rsquo;été, La voix est libre, Résistances, chargée de réalisation pour France Musique et Radio Classique, assistante son à l&rsquo;IRCAM, enregistrements et mixages pour les collectifs et labels Coax, Les Fondeurs De Son, Wanderweiser, Umlaut records). </p>

<p>Contact : 06 64 87 64 83 lucix@riseup.net Lucie pratique l’improvisation au violon, à la voix, au khaen (instrument laotien de la famille des orgues à bouche), ainsi que divers objets et jouets sonores incongrus (boules de méditation, brosse à dents électrique, Sophie la girafe, klaxon de vélo..). Elle se produit en solo ou lors &hellip; <a href="https://lucielaricq.franceimpro.net/?page_id=46" class="more-link">Continuer la lecture<span class="screen-reader-text"> de <span class="screen-reader-text">Biographie / contact</span></span>&nbsp;<span class="meta-nav">&rarr;</span></a></p>
